{"id":229,"date":"2016-04-13T19:25:50","date_gmt":"2016-04-13T17:25:50","guid":{"rendered":"http:\/\/richardparker.ch\/?page_id=229"},"modified":"2018-04-26T12:25:17","modified_gmt":"2018-04-26T10:25:17","slug":"we-sail-for-hear-the-world-foundation","status":"publish","type":"page","link":"https:\/\/richardparker.ch\/?page_id=229","title":{"rendered":"44 H\u00d6RGER\u00c4TE F\u00dcR KINDER IN PANAMA"},"content":{"rendered":"<pre><em>(bitte etwas Geduld, bis die Verlinkung l\u00e4dt)<\/em>\r\n <iframe loading=\"lazy\" src=\"https:\/\/www.hear-the-world.com\/de\/engagement\/employee-engagement\/from-norway-to-panama---were-sailing-for-hear-the-world\/\" width=\"650\" height=\"650\">&lt;<\/iframe><\/pre>\n","protected":false},"excerpt":{"rendered":"<p>(bitte etwas Geduld, bis die Verlinkung l\u00e4dt) &lt;<\/p>\n","protected":false},"author":1,"featured_media":0,"parent":0,"menu_order":0,"comment_status":"closed","ping_status":"closed","template":"","meta":{"_exactmetrics_skip_tracking":false,"_exactmetrics_sitenote_active":false,"_exactmetrics_sitenote_note":"","_exactmetrics_sitenote_category":0,"footnotes":""},"class_list":["post-229","page","type-page","status-publish","hentry"],"_links":{"self":[{"href":"https:\/\/richardparker.ch\/index.php?rest_route=\/wp\/v2\/pages\/229","targetHints":{"allow":["GET"]}}],"collection":[{"href":"https:\/\/richardparker.ch\/index.php?rest_route=\/wp\/v2\/pages"}],"about":[{"href":"https:\/\/richardparker.ch\/index.php?rest_route=\/wp\/v2\/types\/page"}],"author":[{"embeddable":true,"href":"https:\/\/richardparker.ch\/index.php?rest_route=\/wp\/v2\/users\/1"}],"replies":[{"embeddable":true,"href":"https:\/\/richardparker.ch\/index.php?rest_route=%2Fwp%2Fv2%2Fcomments&post=229"}],"version-history":[{"count":32,"href":"https:\/\/richardparker.ch\/index.php?rest_route=\/wp\/v2\/pages\/229\/revisions"}],"predecessor-version":[{"id":1200,"href":"https:\/\/richardparker.ch\/index.php?rest_route=\/wp\/v2\/pages\/229\/revisions\/1200"}],"wp:attachment":[{"href":"https:\/\/richardparker.ch\/index.php?rest_route=%2Fwp%2Fv2%2Fmedia&parent=229"}],"curies":[{"name":"wp","href":"https:\/\/api.w.org\/{rel}","templated":true}]}}