{"id":1266,"date":"2018-06-24T20:08:08","date_gmt":"2018-06-24T18:08:08","guid":{"rendered":"http:\/\/richardparker.ch\/?page_id=1266"},"modified":"2018-06-24T20:10:42","modified_gmt":"2018-06-24T18:10:42","slug":"live-track","status":"publish","type":"page","link":"https:\/\/richardparker.ch\/?page_id=1266","title":{"rendered":"Live Track"},"content":{"rendered":"<p>Unsere aktuelle Position und &#8222;Live Track&#8220;. Insbesondere auf l\u00e4ngeren Strecken werden wir unsere Position in der unten stehenden Grafik regelm\u00e4ssig aktualisieren. So k\u00f6nnt ihr fast live mitverfolgen, wo wir gerade sind. Die Aktualisierung erfolgt \u00fcber Satellit, somit eigentlich fast \u00fcberall auf der Welt.<\/p>\n\n<!-- iframe plugin v.6.0 wordpress.org\/plugins\/iframe\/ -->\n<iframe loading=\"lazy\" src=\"https:\/\/trackamap.com\/syrichardparker\" width=\"100%\" height=\"500\" scrolling=\"yes\" class=\"iframe-class\" frameborder=\"0\"><\/iframe>\n\n","protected":false},"excerpt":{"rendered":"<p>Unsere aktuelle Position und &#8222;Live Track&#8220;. Insbesondere auf l\u00e4ngeren Strecken werden wir unsere Position in der unten stehenden Grafik regelm\u00e4ssig aktualisieren. So k\u00f6nnt ihr fast live mitverfolgen, wo wir gerade sind. Die Aktualisierung erfolgt \u00fcber Satellit, somit eigentlich fast \u00fcberall auf der Welt.<\/p>\n","protected":false},"author":1,"featured_media":0,"parent":0,"menu_order":0,"comment_status":"closed","ping_status":"closed","template":"","meta":{"_exactmetrics_skip_tracking":false,"_exactmetrics_sitenote_active":false,"_exactmetrics_sitenote_note":"","_exactmetrics_sitenote_category":0,"footnotes":""},"class_list":["post-1266","page","type-page","status-publish","hentry"],"_links":{"self":[{"href":"https:\/\/richardparker.ch\/index.php?rest_route=\/wp\/v2\/pages\/1266","targetHints":{"allow":["GET"]}}],"collection":[{"href":"https:\/\/richardparker.ch\/index.php?rest_route=\/wp\/v2\/pages"}],"about":[{"href":"https:\/\/richardparker.ch\/index.php?rest_route=\/wp\/v2\/types\/page"}],"author":[{"embeddable":true,"href":"https:\/\/richardparker.ch\/index.php?rest_route=\/wp\/v2\/users\/1"}],"replies":[{"embeddable":true,"href":"https:\/\/richardparker.ch\/index.php?rest_route=%2Fwp%2Fv2%2Fcomments&post=1266"}],"version-history":[{"count":5,"href":"https:\/\/richardparker.ch\/index.php?rest_route=\/wp\/v2\/pages\/1266\/revisions"}],"predecessor-version":[{"id":1272,"href":"https:\/\/richardparker.ch\/index.php?rest_route=\/wp\/v2\/pages\/1266\/revisions\/1272"}],"wp:attachment":[{"href":"https:\/\/richardparker.ch\/index.php?rest_route=%2Fwp%2Fv2%2Fmedia&parent=1266"}],"curies":[{"name":"wp","href":"https:\/\/api.w.org\/{rel}","templated":true}]}}